013?
10023212
In base 12, what is 15 - -1548292?
15482a7
In base 14, what is -1d + 1ba1112?
1ba10d3
In base 8, what is -3 - -555034020?
555034015
In base 2, what is -101000010111 - 111101100110110?
-1000010101001101
In base 2, what is -111101000100111 + -110011?
-111101001011010
In base 9, what is 20 + -555858?
-555838
In base 16, what is 12 + -568b?
-5679
In base 9, what is 537862 - 17?
537844
In base 13, what is -3 + 48a1424?
48a1421
In base 8, what is -14207442 - -224?
-14207216
In base 8, what is -500211 + -2?
-500213
In base 8, what is 6 + -241353550?
-241353542
In base 14, what is -18 + 153773?
153759
In base 6, what is 1311 - 255535?
-254224
In base 4, what is 1100100 + 2133?
1102233
In base 8, what is 206165 - 7?
206156
In base 16, what is -20a0b31 - -2?
-20a0b2f
In base 3, what is 1002200121 + -1220121211?
-210221020
In base 12, what is -5518 + -27935?
-31251
In base 13, what is 4 + -5c6baa?
-5c6ba6
In base 7, what is -14251531 + 55?
-14251443
In base 12, what is -43603 + -75a?
-44161
In base 11, what is 963 - -6768?
7620
In base 3, what is 212122 - 1000212020?
-222222121
In base 10, what is -2 - 78126?
-78128
In base 5, what is 423302 - -101?
423403
In base 2, what is 1000000 - -1000000111011101011?
1000000111100101011
In base 5, what is -34140010 + 21242?
-34113213
In base 5, what is 132143302 - -32?
132143334
In base 7, what is -44 + -114664255?
-114664332
In base 13, what is 14b61 - 14?
14b4a
In base 15, what is 230e084 + -3?
230e081
In base 6, what is -413 - -11555343?
11554530
In base 12, what is -16 + -255720?
-255736
In base 13, what is -178c22 - 36?
-178c58
In base 3, what is 1222112002112221 + 2?
1222112002120000
In base 4, what is -1112213122312 + 10?
-1112213122302
In base 10, what is -3097215 - -5?
-3097210
In base 16, what is 12 - -197c5e?
197c70
In base 11, what is 281a302 + -9?
281a2a4
In base 13, what is 10393 - -23?
103b6
In base 5, what is -11 + 1442033331?
1442033320
In base 5, what is 41 + -33321440?
-33321344
In base 14, what is -1 + 1c23266?
1c23265
In base 9, what is -70418552 - 5?
-70418557
In base 8, what is -4 - 4535532?
-4535536
In base 13, what is -899a7 - 1c?
-899c6
In base 16, what is c - 6f89?
-6f7d
In base 13, what is -672 - 1969a?
-1a03c
In base 3, what is -220 + -1211120011222101?
-1211120012000021
In base 8, what is -162353 - -2?
-162351
In base 13, what is 1353b688 - -8?
1353b693
In base 5, what is -44103220 - -3?
-44103212
In base 3, what is 121110112202 + 221010?
121111110212
In base 9, what is 80 + -5712485?
-5712405
In base 2, what is -10000010001010001 - 111110110010?
-10001010000000011
In base 7, what is 2244653 - 14?
2244636
In base 6, what is -3455 - -2211145?
2203250
In base 5, what is 32314141 + 3122?
32322313
In base 9, what is -168235 - 234?
-168470
In base 14, what is 10593 - 796?
dbdb
In base 6, what is 4102031431 + 1?
4102031432
In base 10, what is -418 + 8522?
8104
In base 13, what is 84 - -140408a?
1404141
In base 7, what is 106423506 + 5?
106423514
In base 13, what is 27482 + -6a?
27415
In base 7, what is -33022 + 150001?
113646
In base 3, what is 10 + -1211002110221?
-1211002110211
In base 11, what is -41 - 591508?
-591549
In base 2, what is 1111011110000010101101011 - 101?
1111011110000010101100110
In base 2, what is 11100010100111 + 100010111000?
100000101011111
In base 4, what is 212100211 + 123002?
212223213
In base 12, what is -2109541 - 5?
-2109546
In base 13, what is 65673a - -2c0?
656a2a
In base 16, what is -3 - -37d40fe?
37d40fb
In base 16, what is 9 + 576188?
576191
In base 14, what is 1470 - -1773?
2c03
In base 10, what is -2 + 17529368?
17529366
In base 11, what is 15307 - -36010?
50317
In base 12, what is 100 + -149b65?
-149a65
In base 6, what is -150531 - -3052?
-143435
In base 11, what is 2 - a83719?
-a83717
In base 12, what is 2 + -7b341?
-7b33b
In base 15, what is -94b8b8 - -16?
-94b8a2
In base 8, what is -3214 - -12646?
7432
In base 5, what is 23 + -2312011403?
-2312011330
In base 15, what is aa117 + -980?
a9687
In base 2, what is 100011 + 10000100111111000110?
10000100111111101001
In base 14, what is 13a1a + 6d04?
1a920
In base 14, what is 120499 - 38?
120461
In base 11, what is -622 - -9812?
91a0
In base 3, what is 221221200 + 1101011?
1000022211
In base 4, what is 1 + -1213333233032?
-1213333233031
In base 10, what is 4 + -5803931?
-5803927
In base 12, what is 0 - -216428?
216428
In base 12, what is 7789 - -5?
7792
In base 6, what is -352101 - -40013?
-312044
In base 3, what is 20220211220 - -11002?
20220222222
In base 7, what is 1061135014 + -6?
1061135005
In base 10, what is -769 + 6833?
6064
In base 3, what is 212110010022 + 100?
212110010122
In base 4, what is -22113202010333 + -2?
-22113202011001
In base 2, what is -1011000111101110 - 1010000?
-1011001000111110
In base 9, what is -23307765 - -7?
-23307757
In base 11, what is -578956 + 13?
-578943
In base 15, what is -2144 - 15ae4?
-17c38
In base 5, what is -30 + -14123232?
-14123312
In base 4, what is -113121231132 - -23?
-113121231103
In base 3, what is 10012201211 + -101212211?
2210212000
In base 4, what is 3 - 33102221232?
-33102221223
In base 4, what is -100311121 + 223?
-100310232
In base 15, what is 1a20 + b4d?
266d
In base 15, what is -1c7508 + 9?
-1c74ee
In base 4, what is -2022010213 + -2?
-2022010221
In base 14, what is 3 + 8194cd3?
8194cd6
In base 4, what is -111 + -1333331023?
-1333331200
In base 11, what is 2561 + -17170?
-1470a
In base 11, what is -162836 + -1812?
-164548
In base 13, what is 126 + -28a565?
-28a43c
In base 10, what is -3776760 + -32?
-3776792
In base 2, what is 11100111100110111100011 + -10011?
11100111100110111010000
In base 9, what is 8841 + -364?
8466
In base 5, what is -304422 + 122003?
-132414
In base 9, what is 26660 + 25137?
52807
In base 16, what is -1 - -dbcc6?
dbcc5
In base 7, what is 33024 + -56246?
-23222
In base 15, what is -298 + -12da2a?
-12dcc3
In base 9, what is -17156127 + 0?
-17156127
In base 4, what is -21233 - 2023321221?
-2030003120
In base 2, what is -100 - -101100100010111100?
101100100010111000
In base 5, what is 20244 - -2102331?
2123130
In base 9, what is 41588 - -12750?
54448
In base 3, what is 1 + -11222022121002110?
-11222022121002102
In base 16, what is -aa90ab + 1?
-aa90aa
In base 12, what is -969 - -1050?
2a3
In base 5, what is 1431343431 - -3?
1431343434
In base 12, what is 10043a2a3 - 3?
10043a2a0
In base 12, what is 112 + -181a2?
-18090
In base 15, what is -2321 + 25e?
-20b2
In base 12, what is 24921 + -125?
247b8
In base 4, what is 1302033200231 - -30?
1302033200321
In base 10, what is -5 - -16295838?
16295833
In base 6, what is 31 - -2010510?
2010541
In base 16, what is de0984 + -4?
de0980
In base 16, what is 0 + 2f94f67?
2f94f67
In base 2, what is 100 + 1101010001010010101011?
1101010001010010101111
In base 9, what is 4373 + 13246?
17630
In base 4, what is -331110000003 + -23?
-331110000032
In base 15, what is 7c2 + -2d41?
-256e
In base 8, what is -23436 + -122?
-23560
In base 5, what is 2002 + 12230340?
12232342
In base 6, what is -323024041 - -3?
-323024034
In base 4, what is -220232 - -311330023?
311103131
In base 11, what is -aa94744 - 2?
-aa94746
In base 16, what is 12 + -8844?
-8832
In base 3, what is -1002202220122 - -1?
-1002202220121
In base 4, what is -223002311 + 1001?
-223001310
In base 5, what is -14400 + 431234?
411334
In base 4, what is -20220020222223 - -2?
-20220020222221
In base 4, what is -211332 + -22120023?
-22332021
In base 5, what is -100233301324 - 0?
-100233301324
In base 15, what is -3ecc54e - -2?
-3ecc54c
In base 5, what is -3 - -113223421103?
113223421100
In base 8, what is -37000 + -10743?
-47743
In base 2, what is 101 - 1011000111110101011111111100?
-1011000111110101011111110111
In base 6, what is 1245 + -12352303?
-12351014
In base 3, what is -12 + 102100210100121?
102100210100102
In base 8, what is -6524 - 6250?
-14774
In base 9, what is 10542345 - -3?
10542348
In base 12, what is 139 + -9b311?
-9b194
In base 15, what is -19 + 671b9?
671a0
In base 3, what is 102 + -222222111222002?
-222222111221200
In base 16, what is -d64f + 12e1?
-c36e
In base 9, what is -12 + -12234107?
-12234120
In base 12, what is 75 + -16750?
-16697
In base 11, what is -3 - 2305a47?
-2305a4a
In base 10, what is -1 - -15147622?
